{"id":2150,"date":"2021-05-15T11:21:40","date_gmt":"2021-05-15T11:21:40","guid":{"rendered":"https:\/\/dental-pollak.hr\/?page_id=2150"},"modified":"2025-01-17T20:06:21","modified_gmt":"2025-01-17T20:06:21","slug":"cijene-usluga","status":"publish","type":"page","link":"https:\/\/dental-pollak.hr\/oldweb\/cijene-usluga\/","title":{"rendered":"Cijene usluga"},"content":{"rendered":"\t\t<div data-elementor-type=\"wp-page\" data-elementor-id=\"2150\" class=\"elementor elementor-2150\" data-elementor-post-type=\"page\">\n\t\t\t\t<div class=\"elementor-element elementor-element-51550a4 e-flex e-con-boxed e-con e-parent\" data-id=\"51550a4\" data-element_type=\"container\">\n\t\t\t\t\t<div class=\"e-con-inner\">\n\t\t<div class=\"elementor-element elementor-element-b3ebd35 e-con-full e-flex e-con e-child\" data-id=\"b3ebd35\" data-element_type=\"container\" data-settings=\"{&quot;background_background&quot;:&quot;classic&quot;}\">\n\t\t\t\t<div class=\"elementor-element elementor-element-c7489ed elementor-widget elementor-widget-heading\" data-id=\"c7489ed\" data-element_type=\"widget\" data-widget_type=\"heading.default\">\n\t\t\t\t<div class=\"elementor-widget-container\">\n\t\t\t\t\t<h2 class=\"elementor-heading-title elementor-size-default\">Cijene usluga\n<\/h2>\t\t\t\t<\/div>\n\t\t\t\t<\/div>\n\t\t\t\t<div class=\"elementor-element elementor-element-b6975cf elementor-widget elementor-widget-text-editor\" data-id=\"b6975cf\" data-element_type=\"widget\" data-widget_type=\"text-editor.default\">\n\t\t\t\t<div class=\"elementor-widget-container\">\n\t\t\t\t\t\t\t\t\t<div class=\"wpb_text_column wpb_content_element \"><div class=\"wpb_wrapper\"><p>Na\u0161im klijentima nudimo razne mogu\u0107nosti pla\u0107anja. Mo\u017eete platiti u gotovini, debitnim te kreditnim karticama (Maestro, MasterCard, Visa) a tu je i mogu\u0107nost pla\u0107anja na rate.<\/p><\/div><\/div>\t\t\t\t\t\t\t\t<\/div>\n\t\t\t\t<\/div>\n\t\t\t\t<\/div>\n\t\t\t\t\t<\/div>\n\t\t\t\t<\/div>\n\t\t<div class=\"elementor-element elementor-element-4285a6f e-flex e-con-boxed e-con e-parent\" data-id=\"4285a6f\" data-element_type=\"container\">\n\t\t\t\t\t<div class=\"e-con-inner\">\n\t\t<div class=\"elementor-element elementor-element-cd26e14 e-con-full e-flex e-con e-child\" data-id=\"cd26e14\" data-element_type=\"container\">\n\t\t\t\t<div class=\"elementor-element elementor-element-8581b32 elementor-widget elementor-widget-n-accordion\" data-id=\"8581b32\" data-element_type=\"widget\" data-settings=\"{&quot;default_state&quot;:&quot;expanded&quot;,&quot;max_items_expended&quot;:&quot;one&quot;,&quot;n_accordion_animation_duration&quot;:{&quot;unit&quot;:&quot;ms&quot;,&quot;size&quot;:400,&quot;sizes&quot;:[]}}\" data-widget_type=\"nested-accordion.default\">\n\t\t\t\t<div class=\"elementor-widget-container\">\n\t\t\t\t\t\t\t<div class=\"e-n-accordion\" aria-label=\"Accordion. Open links with Enter or Space, close with Escape, and navigate with Arrow Keys\">\n\t\t\t\t\t\t<details id=\"e-n-accordion-item-1390\" class=\"e-n-accordion-item\" open>\n\t\t\t\t<summary class=\"e-n-accordion-item-title\" data-accordion-index=\"1\" tabindex=\"0\" aria-expanded=\"true\" aria-controls=\"e-n-accordion-item-1390\" >\n\t\t\t\t\t<span class='e-n-accordion-item-title-header'><div class=\"e-n-accordion-item-title-text\"> OSNOVNE USLUGE <\/div><\/span>\n\t\t\t\t\t\t\t<span class='e-n-accordion-item-title-icon'>\n\t\t\t<span class='e-opened' ><svg aria-hidden=\"true\" class=\"e-font-icon-svg e-fas-minus\" viewBox=\"0 0 448 512\" xmlns=\"http:\/\/www.w3.org\/2000\/svg\"><path d=\"M416 208H32c-17.67 0-32 14.33-32 32v32c0 17.67 14.33 32 32 32h384c17.67 0 32-14.33 32-32v-32c0-17.67-14.33-32-32-32z\"><\/path><\/svg><\/span>\n\t\t\t<span class='e-closed'><svg aria-hidden=\"true\" class=\"e-font-icon-svg e-fas-plus\" viewBox=\"0 0 448 512\" xmlns=\"http:\/\/www.w3.org\/2000\/svg\"><path d=\"M416 208H272V64c0-17.67-14.33-32-32-32h-32c-17.67 0-32 14.33-32 32v144H32c-17.67 0-32 14.33-32 32v32c0 17.67 14.33 32 32 32h144v144c0 17.67 14.33 32 32 32h32c17.67 0 32-14.33 32-32V304h144c17.67 0 32-14.33 32-32v-32c0-17.67-14.33-32-32-32z\"><\/path><\/svg><\/span>\n\t\t<\/span>\n\n\t\t\t\t\t\t<\/summary>\n\t\t\t\t<div role=\"region\" aria-labelledby=\"e-n-accordion-item-1390\" class=\"elementor-element elementor-element-1a82c15 e-con-full e-flex e-con e-child\" data-id=\"1a82c15\" data-element_type=\"container\">\n\t\t\t\t<div class=\"elementor-element elementor-element-efb6c09 elementor-widget elementor-widget-html\" data-id=\"efb6c09\" data-element_type=\"widget\" data-widget_type=\"html.default\">\n\t\t\t\t<div class=\"elementor-widget-container\">\n\t\t\t\t\t<table>\n  <thead>\n    <tr>\n      <th>Usluga<\/th>\n      <th>Cijena<\/th>\n    <\/tr>\n  <\/thead>\n  <tbody>\n    <tr>\n      <td>PRVI SPECIJALISTI\u010cKI PREGLED<\/td>\n      <td>30 EUR<\/td>\n    <\/tr>\n    <tr>\n      <td>ORTOPAN<\/td>\n      <td>30 EUR<\/td>\n    <\/tr>\n    <tr>\n      <td>CBCT (3D) snimka<\/td>\n      <td>100 EUR<\/td>\n    <\/tr>\n  <\/tbody>\n<\/table>\n\t\t\t\t<\/div>\n\t\t\t\t<\/div>\n\t\t\t\t<\/div>\n\t\t\t\t\t<\/details>\n\t\t\t\t\t\t<details id=\"e-n-accordion-item-1391\" class=\"e-n-accordion-item\" >\n\t\t\t\t<summary class=\"e-n-accordion-item-title\" data-accordion-index=\"2\" tabindex=\"-1\" aria-expanded=\"false\" aria-controls=\"e-n-accordion-item-1391\" >\n\t\t\t\t\t<span class='e-n-accordion-item-title-header'><div class=\"e-n-accordion-item-title-text\"> ORTODONCIJA <\/div><\/span>\n\t\t\t\t\t\t\t<span class='e-n-accordion-item-title-icon'>\n\t\t\t<span class='e-opened' ><svg aria-hidden=\"true\" class=\"e-font-icon-svg e-fas-minus\" viewBox=\"0 0 448 512\" xmlns=\"http:\/\/www.w3.org\/2000\/svg\"><path d=\"M416 208H32c-17.67 0-32 14.33-32 32v32c0 17.67 14.33 32 32 32h384c17.67 0 32-14.33 32-32v-32c0-17.67-14.33-32-32-32z\"><\/path><\/svg><\/span>\n\t\t\t<span class='e-closed'><svg aria-hidden=\"true\" class=\"e-font-icon-svg e-fas-plus\" viewBox=\"0 0 448 512\" xmlns=\"http:\/\/www.w3.org\/2000\/svg\"><path d=\"M416 208H272V64c0-17.67-14.33-32-32-32h-32c-17.67 0-32 14.33-32 32v144H32c-17.67 0-32 14.33-32 32v32c0 17.67 14.33 32 32 32h144v144c0 17.67 14.33 32 32 32h32c17.67 0 32-14.33 32-32V304h144c17.67 0 32-14.33 32-32v-32c0-17.67-14.33-32-32-32z\"><\/path><\/svg><\/span>\n\t\t<\/span>\n\n\t\t\t\t\t\t<\/summary>\n\t\t\t\t<div role=\"region\" aria-labelledby=\"e-n-accordion-item-1391\" class=\"elementor-element elementor-element-8aaa429 e-con-full e-flex e-con e-child\" data-id=\"8aaa429\" data-element_type=\"container\">\n\t\t\t\t<div class=\"elementor-element elementor-element-6b84483 elementor-widget elementor-widget-html\" data-id=\"6b84483\" data-element_type=\"widget\" data-widget_type=\"html.default\">\n\t\t\t\t<div class=\"elementor-widget-container\">\n\t\t\t\t\t<table>\n  <thead>\n    <tr>\n      <th>Usluga<\/th>\n      <th>Cijena<\/th>\n    <\/tr>\n  <\/thead>\n  <tbody>\n    <tr>\n      <td>METALNI APARATI\u0106<\/td>\n      <td>1.100 EUR<\/td>\n    <\/tr>\n    <tr>\n      <td>BIJELI APARATI\u0106<\/td>\n      <td>1.200 EUR<\/td>\n    <\/tr>\n    <tr>\n      <td>SAMOLIGIRAJU\u0106I (DAMON TERAPIJA)<\/td>\n      <td>1.300 EUR<\/td>\n    <\/tr>\n    <tr>\n      <td>PROZIRNI (NEVIDLJIVI) APARATI\u0106 (ALIGNERI INVISALIGN)<\/td>\n      <td>od 1.400 EUR<\/td>\n    <\/tr>\n    <tr>\n      <td>TRAJNI \u017dI\u010cANI RETAINER (6 ZUBA)<\/td>\n      <td>80 EUR<\/td>\n    <\/tr>\n    <tr>\n      <td>ESSIX - retainer udlaga<\/td>\n      <td>od 50-80 EUR<\/td>\n    <\/tr>\n  <\/tbody>\n<\/table>\n\t\t\t\t<\/div>\n\t\t\t\t<\/div>\n\t\t\t\t<\/div>\n\t\t\t\t\t<\/details>\n\t\t\t\t\t\t<details id=\"e-n-accordion-item-1392\" class=\"e-n-accordion-item\" >\n\t\t\t\t<summary class=\"e-n-accordion-item-title\" data-accordion-index=\"3\" tabindex=\"-1\" aria-expanded=\"false\" aria-controls=\"e-n-accordion-item-1392\" >\n\t\t\t\t\t<span class='e-n-accordion-item-title-header'><div class=\"e-n-accordion-item-title-text\"> IMPLANTOLOGIJA,KIRURGIJA <\/div><\/span>\n\t\t\t\t\t\t\t<span class='e-n-accordion-item-title-icon'>\n\t\t\t<span class='e-opened' ><svg aria-hidden=\"true\" class=\"e-font-icon-svg e-fas-minus\" viewBox=\"0 0 448 512\" xmlns=\"http:\/\/www.w3.org\/2000\/svg\"><path d=\"M416 208H32c-17.67 0-32 14.33-32 32v32c0 17.67 14.33 32 32 32h384c17.67 0 32-14.33 32-32v-32c0-17.67-14.33-32-32-32z\"><\/path><\/svg><\/span>\n\t\t\t<span class='e-closed'><svg aria-hidden=\"true\" class=\"e-font-icon-svg e-fas-plus\" viewBox=\"0 0 448 512\" xmlns=\"http:\/\/www.w3.org\/2000\/svg\"><path d=\"M416 208H272V64c0-17.67-14.33-32-32-32h-32c-17.67 0-32 14.33-32 32v144H32c-17.67 0-32 14.33-32 32v32c0 17.67 14.33 32 32 32h144v144c0 17.67 14.33 32 32 32h32c17.67 0 32-14.33 32-32V304h144c17.67 0 32-14.33 32-32v-32c0-17.67-14.33-32-32-32z\"><\/path><\/svg><\/span>\n\t\t<\/span>\n\n\t\t\t\t\t\t<\/summary>\n\t\t\t\t<div role=\"region\" aria-labelledby=\"e-n-accordion-item-1392\" class=\"elementor-element elementor-element-274c8f5 e-con-full e-flex e-con e-child\" data-id=\"274c8f5\" data-element_type=\"container\">\n\t\t\t\t<div class=\"elementor-element elementor-element-deabb94 elementor-widget elementor-widget-html\" data-id=\"deabb94\" data-element_type=\"widget\" data-widget_type=\"html.default\">\n\t\t\t\t<div class=\"elementor-widget-container\">\n\t\t\t\t\t<table>\n  <thead>\n    <tr>\n      <th>Usluga<\/th>\n      <th>Cijena<\/th>\n    <\/tr>\n  <\/thead>\n  <tbody>\n    <tr>\n      <td>ALL-ON-4 PREMIUM<\/td>\n      <td>OD 5.000 EUR<\/td>\n    <\/tr>\n    <tr>\n      <td>PRIVREMENI ZUBI NA IMPLANTATIMA<\/td>\n      <td>500 EUR<\/td>\n    <\/tr>\n    <tr>\n      <td>IMPLANTAT + ABUTMENT<\/td>\n      <td>540 EUR<\/td>\n    <\/tr>\n    <tr>\n      <td>PROTEZA NA 2 IMPLANTATA<\/td>\n      <td>1.700 EUR<\/td>\n    <\/tr>\n    <tr>\n      <td>VA\u0110ENJE ZUBA<\/td>\n      <td>od 50 EUR<\/td>\n    <\/tr>\n    <tr>\n      <td>VA\u0110ENJE UMNJAKA<\/td>\n      <td>od 60 EUR<\/td>\n    <\/tr>\n    <tr>\n      <td>KOMPLICIRANO VA\u0110ENJE<\/td>\n      <td>100 EUR<\/td>\n    <\/tr>\n    <tr>\n      <td>UMJETNA KOST AUGMENTACIJA<\/td>\n      <td>200 EUR<\/td>\n    <\/tr>\n    <tr>\n      <td>KOLAGENA MEMBRANA<\/td>\n      <td>150 EUR<\/td>\n    <\/tr>\n  <\/tbody>\n<\/table>\n\t\t\t\t<\/div>\n\t\t\t\t<\/div>\n\t\t\t\t<\/div>\n\t\t\t\t\t<\/details>\n\t\t\t\t\t\t<details id=\"e-n-accordion-item-1393\" class=\"e-n-accordion-item\" >\n\t\t\t\t<summary class=\"e-n-accordion-item-title\" data-accordion-index=\"4\" tabindex=\"-1\" aria-expanded=\"false\" aria-controls=\"e-n-accordion-item-1393\" >\n\t\t\t\t\t<span class='e-n-accordion-item-title-header'><div class=\"e-n-accordion-item-title-text\"> PROTETIKA <\/div><\/span>\n\t\t\t\t\t\t\t<span class='e-n-accordion-item-title-icon'>\n\t\t\t<span class='e-opened' ><svg aria-hidden=\"true\" class=\"e-font-icon-svg e-fas-minus\" viewBox=\"0 0 448 512\" xmlns=\"http:\/\/www.w3.org\/2000\/svg\"><path d=\"M416 208H32c-17.67 0-32 14.33-32 32v32c0 17.67 14.33 32 32 32h384c17.67 0 32-14.33 32-32v-32c0-17.67-14.33-32-32-32z\"><\/path><\/svg><\/span>\n\t\t\t<span class='e-closed'><svg aria-hidden=\"true\" class=\"e-font-icon-svg e-fas-plus\" viewBox=\"0 0 448 512\" xmlns=\"http:\/\/www.w3.org\/2000\/svg\"><path d=\"M416 208H272V64c0-17.67-14.33-32-32-32h-32c-17.67 0-32 14.33-32 32v144H32c-17.67 0-32 14.33-32 32v32c0 17.67 14.33 32 32 32h144v144c0 17.67 14.33 32 32 32h32c17.67 0 32-14.33 32-32V304h144c17.67 0 32-14.33 32-32v-32c0-17.67-14.33-32-32-32z\"><\/path><\/svg><\/span>\n\t\t<\/span>\n\n\t\t\t\t\t\t<\/summary>\n\t\t\t\t<div role=\"region\" aria-labelledby=\"e-n-accordion-item-1393\" class=\"elementor-element elementor-element-878ca84 e-con-full e-flex e-con e-child\" data-id=\"878ca84\" data-element_type=\"container\">\n\t\t\t\t<div class=\"elementor-element elementor-element-f2016c9 elementor-widget elementor-widget-html\" data-id=\"f2016c9\" data-element_type=\"widget\" data-widget_type=\"html.default\">\n\t\t\t\t<div class=\"elementor-widget-container\">\n\t\t\t\t\t<table>\n  <thead>\n    <tr>\n      <th>Usluga<\/th>\n      <th>Cijena<\/th>\n    <\/tr>\n  <\/thead>\n  <tbody>\n    <tr>\n      <td>CIRKON KRUNA<\/td>\n      <td>300 EUR<\/td>\n    <\/tr>\n    <tr>\n      <td>CIRKON KERAMI\u010cKA KRUNA<\/td>\n      <td>360 EUR<\/td>\n    <\/tr>\n    <tr>\n      <td>KERAMI\u010cKA KRUNA<\/td>\n      <td>220 EUR<\/td>\n    <\/tr>\n    <tr>\n      <td>PRIVREMENA KRUNICA<\/td>\n      <td>30 EUR<\/td>\n    <\/tr>\n    <tr>\n      <td>SMILEDESIGN<\/td>\n      <td>50 EUR<\/td>\n    <\/tr>\n    <tr>\n      <td>TOTALNA PROTEZA<\/td>\n      <td>550 EUR<\/td>\n    <\/tr>\n  <\/tbody>\n<\/table>\n\t\t\t\t<\/div>\n\t\t\t\t<\/div>\n\t\t\t\t<\/div>\n\t\t\t\t\t<\/details>\n\t\t\t\t\t\t<details id=\"e-n-accordion-item-1394\" class=\"e-n-accordion-item\" >\n\t\t\t\t<summary class=\"e-n-accordion-item-title\" data-accordion-index=\"5\" tabindex=\"-1\" aria-expanded=\"false\" aria-controls=\"e-n-accordion-item-1394\" >\n\t\t\t\t\t<span class='e-n-accordion-item-title-header'><div class=\"e-n-accordion-item-title-text\"> KONZERVATIVA <\/div><\/span>\n\t\t\t\t\t\t\t<span class='e-n-accordion-item-title-icon'>\n\t\t\t<span class='e-opened' ><svg aria-hidden=\"true\" class=\"e-font-icon-svg e-fas-minus\" viewBox=\"0 0 448 512\" xmlns=\"http:\/\/www.w3.org\/2000\/svg\"><path d=\"M416 208H32c-17.67 0-32 14.33-32 32v32c0 17.67 14.33 32 32 32h384c17.67 0 32-14.33 32-32v-32c0-17.67-14.33-32-32-32z\"><\/path><\/svg><\/span>\n\t\t\t<span class='e-closed'><svg aria-hidden=\"true\" class=\"e-font-icon-svg e-fas-plus\" viewBox=\"0 0 448 512\" xmlns=\"http:\/\/www.w3.org\/2000\/svg\"><path d=\"M416 208H272V64c0-17.67-14.33-32-32-32h-32c-17.67 0-32 14.33-32 32v144H32c-17.67 0-32 14.33-32 32v32c0 17.67 14.33 32 32 32h144v144c0 17.67 14.33 32 32 32h32c17.67 0 32-14.33 32-32V304h144c17.67 0 32-14.33 32-32v-32c0-17.67-14.33-32-32-32z\"><\/path><\/svg><\/span>\n\t\t<\/span>\n\n\t\t\t\t\t\t<\/summary>\n\t\t\t\t<div role=\"region\" aria-labelledby=\"e-n-accordion-item-1394\" class=\"elementor-element elementor-element-8ae1628 e-con-full e-flex e-con e-child\" data-id=\"8ae1628\" data-element_type=\"container\">\n\t\t\t\t<div class=\"elementor-element elementor-element-5c4e61a elementor-widget elementor-widget-html\" data-id=\"5c4e61a\" data-element_type=\"widget\" data-widget_type=\"html.default\">\n\t\t\t\t<div class=\"elementor-widget-container\">\n\t\t\t\t\t<table>\n  <thead>\n    <tr>\n      <th>Usluga<\/th>\n      <th>Cijena<\/th>\n    <\/tr>\n  <\/thead>\n  <tbody>\n    <tr>\n      <td>KOMPOZITNI ISPUN (jednoplo\u0161ni)<\/td>\n      <td>40 EUR<\/td>\n    <\/tr>\n    <tr>\n      <td>KOMPOZITNI ISPUN (dvoplo\u0161ni)<\/td>\n      <td>50 EUR<\/td>\n    <\/tr>\n    <tr>\n      <td>KOMPOZITNI ISPUN (troplo\u0161ni)<\/td>\n      <td>60 EUR<\/td>\n    <\/tr>\n    <tr>\n      <td>PJESKARENJE + \u010cI\u0160\u010cENJE KAMENCA<\/td>\n      <td>od 50 EUR<\/td>\n    <\/tr>\n    <tr>\n      <td>IZBJELJIVANJE (ordinacija)<\/td>\n      <td>300 EUR<\/td>\n    <\/tr>\n    <tr>\n      <td>IZBJELJIVANJE (ku\u0107no s udlagama)<\/td>\n      <td>230 EUR<\/td>\n    <\/tr>\n    <tr>\n      <td>ENDODONSKO LIJE\u010cENJE<\/td>\n      <td>od 70 EUR<\/td>\n    <\/tr>\n  <\/tbody>\n<\/table>\n\t\t\t\t<\/div>\n\t\t\t\t<\/div>\n\t\t\t\t<\/div>\n\t\t\t\t\t<\/details>\n\t\t\t\t\t<\/div>\n\t\t\t\t\t\t<\/div>\n\t\t\t\t<\/div>\n\t\t\t\t<\/div>\n\t\t\t\t\t<\/div>\n\t\t\t\t<\/div>\n\t\t<div class=\"elementor-element elementor-element-e569472 e-flex e-con-boxed e-con e-parent\" data-id=\"e569472\" data-element_type=\"container\" data-settings=\"{&quot;background_background&quot;:&quot;classic&quot;}\">\n\t\t\t\t\t<div class=\"e-con-inner\">\n\t\t\t\t<div class=\"elementor-element elementor-element-b4cfda2 elementor-widget elementor-widget-heading\" data-id=\"b4cfda2\" data-element_type=\"widget\" data-widget_type=\"heading.default\">\n\t\t\t\t<div class=\"elementor-widget-container\">\n\t\t\t\t\t<h2 class=\"elementor-heading-title elementor-size-default\">Nevidljivi aparati\u0107<\/h2>\t\t\t\t<\/div>\n\t\t\t\t<\/div>\n\t\t\t\t<div class=\"elementor-element elementor-element-3ecb7f5 elementor-widget elementor-widget-heading\" data-id=\"3ecb7f5\" data-element_type=\"widget\" data-widget_type=\"heading.default\">\n\t\t\t\t<div class=\"elementor-widget-container\">\n\t\t\t\t\t<h2 class=\"elementor-heading-title elementor-size-default\">Novitet u dentalnoj medicini\n<\/h2>\t\t\t\t<\/div>\n\t\t\t\t<\/div>\n\t\t\t\t<div class=\"elementor-element elementor-element-53387de elementor-align-center elementor-widget elementor-widget-button\" data-id=\"53387de\" data-element_type=\"widget\" data-widget_type=\"button.default\">\n\t\t\t\t<div class=\"elementor-widget-container\">\n\t\t\t\t\t\t\t\t\t<div class=\"elementor-button-wrapper\">\n\t\t\t\t\t<a class=\"elementor-button elementor-button-link elementor-size-sm\" href=\"https:\/\/dental-pollak.hr\/oldweb\/kontakt\/\">\n\t\t\t\t\t\t<span class=\"elementor-button-content-wrapper\">\n\t\t\t\t\t\t\t\t\t<span class=\"elementor-button-text\">ZAKA\u017dITE TERMIN<\/span>\n\t\t\t\t\t<\/span>\n\t\t\t\t\t<\/a>\n\t\t\t\t<\/div>\n\t\t\t\t\t\t\t\t<\/div>\n\t\t\t\t<\/div>\n\t\t\t\t\t<\/div>\n\t\t\t\t<\/div>\n\t\t\t\t<\/div>\n\t\t","protected":false},"excerpt":{"rendered":"<p>Cijene usluga Na\u0161im klijentima nudimo razne mogu\u0107nosti pla\u0107anja. Mo\u017eete platiti u gotovini, debitnim te kreditnim karticama (Maestro, MasterCard, Visa) a tu je i mogu\u0107nost pla\u0107anja na rate. OSNOVNE USLUGE Usluga Cijena PRVI SPECIJALISTI\u010cKI PREGLED 30 EUR ORTOPAN 30 EUR CBCT (3D) snimka 100 EUR ORTODONCIJA Usluga Cijena METALNI APARATI\u0106 1.100 EUR BIJELI APARATI\u0106 1.200 EUR [&hellip;]<\/p>\n","protected":false},"author":3,"featured_media":68,"parent":0,"menu_order":0,"comment_status":"closed","ping_status":"closed","template":"elementor_header_footer","meta":{"footnotes":""},"class_list":["post-2150","page","type-page","status-publish","has-post-thumbnail","hentry"],"yoast_head":"<!-- This site is optimized with the Yoast SEO plugin v23.1 - https:\/\/yoast.com\/wordpress\/plugins\/seo\/ -->\n<title>Blog | Informacije i novosti iz svijeta dentalne medicine | Dr. Pollak<\/title>\n<meta name=\"description\" content=\"Saznajte vi\u0161e o temama kojima se bavi dentalna medicina. Po\u0161aljite nam va\u0161a pitanja i sugestije, teme o kojima \u017eelite znati vi\u0161e! info@dental-pollak.hr\" \/>\n<meta name=\"robots\" content=\"index, follow, max-snippet:-1, max-image-preview:large, max-video-preview:-1\" \/>\n<link rel=\"canonical\" href=\"https:\/\/dental-pollak.hr\/oldweb\/cijene-usluga\/\" \/>\n<meta property=\"og:locale\" content=\"en_US\" \/>\n<meta property=\"og:type\" content=\"article\" \/>\n<meta property=\"og:title\" content=\"Blog | Informacije i novosti iz svijeta dentalne medicine | Dr. Pollak\" \/>\n<meta property=\"og:description\" content=\"Saznajte vi\u0161e o temama kojima se bavi dentalna medicina. Po\u0161aljite nam va\u0161a pitanja i sugestije, teme o kojima \u017eelite znati vi\u0161e! info@dental-pollak.hr\" \/>\n<meta property=\"og:url\" content=\"https:\/\/dental-pollak.hr\/oldweb\/cijene-usluga\/\" \/>\n<meta property=\"og:site_name\" content=\"Dental Centar Pollak\" \/>\n<meta property=\"article:modified_time\" content=\"2025-01-17T20:06:21+00:00\" \/>\n<meta property=\"og:image\" content=\"https:\/\/dental-pollak.hr\/oldweb\/wp-content\/uploads\/2020\/03\/Logo-Dentist-Pollak.png\" \/>\n\t<meta property=\"og:image:width\" content=\"512\" \/>\n\t<meta property=\"og:image:height\" content=\"512\" \/>\n\t<meta property=\"og:image:type\" content=\"image\/png\" \/>\n<meta name=\"twitter:card\" content=\"summary_large_image\" \/>\n<meta name=\"twitter:label1\" content=\"Est. reading time\" \/>\n\t<meta name=\"twitter:data1\" content=\"2 minutes\" \/>\n<script type=\"application\/ld+json\" class=\"yoast-schema-graph\">{\"@context\":\"https:\/\/schema.org\",\"@graph\":[{\"@type\":\"WebPage\",\"@id\":\"https:\/\/dental-pollak.hr\/oldweb\/cijene-usluga\/\",\"url\":\"https:\/\/dental-pollak.hr\/oldweb\/cijene-usluga\/\",\"name\":\"Blog | Informacije i novosti iz svijeta dentalne medicine | Dr. Pollak\",\"isPartOf\":{\"@id\":\"https:\/\/dental-pollak.hr\/oldweb\/#website\"},\"primaryImageOfPage\":{\"@id\":\"https:\/\/dental-pollak.hr\/oldweb\/cijene-usluga\/#primaryimage\"},\"image\":{\"@id\":\"https:\/\/dental-pollak.hr\/oldweb\/cijene-usluga\/#primaryimage\"},\"thumbnailUrl\":\"https:\/\/dental-pollak.hr\/oldweb\/wp-content\/uploads\/2020\/03\/Logo-Dentist-Pollak.png\",\"datePublished\":\"2021-05-15T11:21:40+00:00\",\"dateModified\":\"2025-01-17T20:06:21+00:00\",\"description\":\"Saznajte vi\u0161e o temama kojima se bavi dentalna medicina. Po\u0161aljite nam va\u0161a pitanja i sugestije, teme o kojima \u017eelite znati vi\u0161e! info@dental-pollak.hr\",\"breadcrumb\":{\"@id\":\"https:\/\/dental-pollak.hr\/oldweb\/cijene-usluga\/#breadcrumb\"},\"inLanguage\":\"en-US\",\"potentialAction\":[{\"@type\":\"ReadAction\",\"target\":[\"https:\/\/dental-pollak.hr\/oldweb\/cijene-usluga\/\"]}]},{\"@type\":\"ImageObject\",\"inLanguage\":\"en-US\",\"@id\":\"https:\/\/dental-pollak.hr\/oldweb\/cijene-usluga\/#primaryimage\",\"url\":\"https:\/\/dental-pollak.hr\/oldweb\/wp-content\/uploads\/2020\/03\/Logo-Dentist-Pollak.png\",\"contentUrl\":\"https:\/\/dental-pollak.hr\/oldweb\/wp-content\/uploads\/2020\/03\/Logo-Dentist-Pollak.png\",\"width\":512,\"height\":512,\"caption\":\"Logo-Stomatolog-Pollak\"},{\"@type\":\"BreadcrumbList\",\"@id\":\"https:\/\/dental-pollak.hr\/oldweb\/cijene-usluga\/#breadcrumb\",\"itemListElement\":[{\"@type\":\"ListItem\",\"position\":1,\"name\":\"Home\",\"item\":\"https:\/\/dental-pollak.hr\/oldweb\/\"},{\"@type\":\"ListItem\",\"position\":2,\"name\":\"Cijene usluga\"}]},{\"@type\":\"WebSite\",\"@id\":\"https:\/\/dental-pollak.hr\/oldweb\/#website\",\"url\":\"https:\/\/dental-pollak.hr\/oldweb\/\",\"name\":\"Dental Centar Pollak\",\"description\":\"Stomatolog u Osijeku\",\"potentialAction\":[{\"@type\":\"SearchAction\",\"target\":{\"@type\":\"EntryPoint\",\"urlTemplate\":\"https:\/\/dental-pollak.hr\/oldweb\/?s={search_term_string}\"},\"query-input\":\"required name=search_term_string\"}],\"inLanguage\":\"en-US\"}]}<\/script>\n<!-- \/ Yoast SEO plugin. -->","yoast_head_json":{"title":"Blog | Informacije i novosti iz svijeta dentalne medicine | Dr. Pollak","description":"Saznajte vi\u0161e o temama kojima se bavi dentalna medicina. Po\u0161aljite nam va\u0161a pitanja i sugestije, teme o kojima \u017eelite znati vi\u0161e! info@dental-pollak.hr","robots":{"index":"index","follow":"follow","max-snippet":"max-snippet:-1","max-image-preview":"max-image-preview:large","max-video-preview":"max-video-preview:-1"},"canonical":"https:\/\/dental-pollak.hr\/oldweb\/cijene-usluga\/","og_locale":"en_US","og_type":"article","og_title":"Blog | Informacije i novosti iz svijeta dentalne medicine | Dr. Pollak","og_description":"Saznajte vi\u0161e o temama kojima se bavi dentalna medicina. Po\u0161aljite nam va\u0161a pitanja i sugestije, teme o kojima \u017eelite znati vi\u0161e! info@dental-pollak.hr","og_url":"https:\/\/dental-pollak.hr\/oldweb\/cijene-usluga\/","og_site_name":"Dental Centar Pollak","article_modified_time":"2025-01-17T20:06:21+00:00","og_image":[{"width":512,"height":512,"url":"https:\/\/dental-pollak.hr\/oldweb\/wp-content\/uploads\/2020\/03\/Logo-Dentist-Pollak.png","type":"image\/png"}],"twitter_card":"summary_large_image","twitter_misc":{"Est. reading time":"2 minutes"},"schema":{"@context":"https:\/\/schema.org","@graph":[{"@type":"WebPage","@id":"https:\/\/dental-pollak.hr\/oldweb\/cijene-usluga\/","url":"https:\/\/dental-pollak.hr\/oldweb\/cijene-usluga\/","name":"Blog | Informacije i novosti iz svijeta dentalne medicine | Dr. Pollak","isPartOf":{"@id":"https:\/\/dental-pollak.hr\/oldweb\/#website"},"primaryImageOfPage":{"@id":"https:\/\/dental-pollak.hr\/oldweb\/cijene-usluga\/#primaryimage"},"image":{"@id":"https:\/\/dental-pollak.hr\/oldweb\/cijene-usluga\/#primaryimage"},"thumbnailUrl":"https:\/\/dental-pollak.hr\/oldweb\/wp-content\/uploads\/2020\/03\/Logo-Dentist-Pollak.png","datePublished":"2021-05-15T11:21:40+00:00","dateModified":"2025-01-17T20:06:21+00:00","description":"Saznajte vi\u0161e o temama kojima se bavi dentalna medicina. Po\u0161aljite nam va\u0161a pitanja i sugestije, teme o kojima \u017eelite znati vi\u0161e! info@dental-pollak.hr","breadcrumb":{"@id":"https:\/\/dental-pollak.hr\/oldweb\/cijene-usluga\/#breadcrumb"},"inLanguage":"en-US","potentialAction":[{"@type":"ReadAction","target":["https:\/\/dental-pollak.hr\/oldweb\/cijene-usluga\/"]}]},{"@type":"ImageObject","inLanguage":"en-US","@id":"https:\/\/dental-pollak.hr\/oldweb\/cijene-usluga\/#primaryimage","url":"https:\/\/dental-pollak.hr\/oldweb\/wp-content\/uploads\/2020\/03\/Logo-Dentist-Pollak.png","contentUrl":"https:\/\/dental-pollak.hr\/oldweb\/wp-content\/uploads\/2020\/03\/Logo-Dentist-Pollak.png","width":512,"height":512,"caption":"Logo-Stomatolog-Pollak"},{"@type":"BreadcrumbList","@id":"https:\/\/dental-pollak.hr\/oldweb\/cijene-usluga\/#breadcrumb","itemListElement":[{"@type":"ListItem","position":1,"name":"Home","item":"https:\/\/dental-pollak.hr\/oldweb\/"},{"@type":"ListItem","position":2,"name":"Cijene usluga"}]},{"@type":"WebSite","@id":"https:\/\/dental-pollak.hr\/oldweb\/#website","url":"https:\/\/dental-pollak.hr\/oldweb\/","name":"Dental Centar Pollak","description":"Stomatolog u Osijeku","potentialAction":[{"@type":"SearchAction","target":{"@type":"EntryPoint","urlTemplate":"https:\/\/dental-pollak.hr\/oldweb\/?s={search_term_string}"},"query-input":"required name=search_term_string"}],"inLanguage":"en-US"}]}},"_links":{"self":[{"href":"https:\/\/dental-pollak.hr\/oldweb\/wp-json\/wp\/v2\/pages\/2150"}],"collection":[{"href":"https:\/\/dental-pollak.hr\/oldweb\/wp-json\/wp\/v2\/pages"}],"about":[{"href":"https:\/\/dental-pollak.hr\/oldweb\/wp-json\/wp\/v2\/types\/page"}],"author":[{"embeddable":true,"href":"https:\/\/dental-pollak.hr\/oldweb\/wp-json\/wp\/v2\/users\/3"}],"replies":[{"embeddable":true,"href":"https:\/\/dental-pollak.hr\/oldweb\/wp-json\/wp\/v2\/comments?post=2150"}],"version-history":[{"count":9,"href":"https:\/\/dental-pollak.hr\/oldweb\/wp-json\/wp\/v2\/pages\/2150\/revisions"}],"predecessor-version":[{"id":2771,"href":"https:\/\/dental-pollak.hr\/oldweb\/wp-json\/wp\/v2\/pages\/2150\/revisions\/2771"}],"wp:featuredmedia":[{"embeddable":true,"href":"https:\/\/dental-pollak.hr\/oldweb\/wp-json\/wp\/v2\/media\/68"}],"wp:attachment":[{"href":"https:\/\/dental-pollak.hr\/oldweb\/wp-json\/wp\/v2\/media?parent=2150"}],"curies":[{"name":"wp","href":"https:\/\/api.w.org\/{rel}","templated":true}]}}